{"id":65,"date":"2017-05-24T17:46:24","date_gmt":"2017-05-24T17:46:24","guid":{"rendered":"http:\/\/localhost\/medical-way-plus\/?page_id=65"},"modified":"2021-11-24T18:26:25","modified_gmt":"2021-11-24T17:26:25","slug":"kontaktujte-nas","status":"publish","type":"page","link":"https:\/\/pndmedical.cz\/index.php\/kontaktujte-nas\/","title":{"rendered":"Kontaktujte n\u00e1s"},"content":{"rendered":"<p>M\u016f\u017eete n\u00e1s kontaktovat telefonicky, p\u00edsemn\u011b anebo prost\u0159ednictv\u00edm emailu, v\u017edy se sna\u017e\u00edme zodpov\u011bd\u011bt ve\u0161kere dotazy co nejp\u0159esn\u011bji a v co nejkrat\u0161\u00edm mo\u017en\u00e9m term\u00ednu:<\/p>\n<p>PND MEDICAL s.r.o.<br \/>\nN\u00e1dra\u017en\u00ed 100<br \/>\n739-91 Jablunkov<br \/>\nI\u010cO: 28854454<br \/>\nDI\u010c: CZ28854454<\/p>\n<p>tel: <span class=\"phone\">+420 608 828 823<\/span><\/p>\n<p>email: info @ pndmedical.cz<\/p>\n<p>&nbsp;<\/p>\n<p>&nbsp;<\/p>\n","protected":false},"excerpt":{"rendered":"<p>M\u016f\u017eete n\u00e1s kontaktovat telefonicky, p\u00edsemn\u011b anebo prost\u0159ednictv\u00edm emailu, v\u017edy se sna\u017e\u00edme zodpov\u011bd\u011bt ve\u0161kere dotazy co nejp\u0159esn\u011bji a v co nejkrat\u0161\u00edm mo\u017en\u00e9m term\u00ednu: PND MEDICAL s.r.o. N\u00e1dra\u017en\u00ed 100 739-91 Jablunkov I\u010cO: 28854454 DI\u010c: CZ28854454 tel: +420 608 828 823 email: info @ pndmedical.cz &nbsp; &nbsp;<\/p>\n","protected":false},"author":2,"featured_media":581,"parent":0,"menu_order":0,"comment_status":"closed","ping_status":"closed","template":"","meta":[],"_links":{"self":[{"href":"https:\/\/pndmedical.cz\/index.php\/wp-json\/wp\/v2\/pages\/65"}],"collection":[{"href":"https:\/\/pndmedical.cz\/index.php\/wp-json\/wp\/v2\/pages"}],"about":[{"href":"https:\/\/pndmedical.cz\/index.php\/wp-json\/wp\/v2\/types\/page"}],"author":[{"embeddable":true,"href":"https:\/\/pndmedical.cz\/index.php\/wp-json\/wp\/v2\/users\/2"}],"replies":[{"embeddable":true,"href":"https:\/\/pndmedical.cz\/index.php\/wp-json\/wp\/v2\/comments?post=65"}],"version-history":[{"count":8,"href":"https:\/\/pndmedical.cz\/index.php\/wp-json\/wp\/v2\/pages\/65\/revisions"}],"predecessor-version":[{"id":579,"href":"https:\/\/pndmedical.cz\/index.php\/wp-json\/wp\/v2\/pages\/65\/revisions\/579"}],"wp:featuredmedia":[{"embeddable":true,"href":"https:\/\/pndmedical.cz\/index.php\/wp-json\/wp\/v2\/media\/581"}],"wp:attachment":[{"href":"https:\/\/pndmedical.cz\/index.php\/wp-json\/wp\/v2\/media?parent=65"}],"curies":[{"name":"wp","href":"https:\/\/api.w.org\/{rel}","templated":true}]}}