{"id":472,"date":"2021-11-20T14:06:43","date_gmt":"2021-11-20T13:06:43","guid":{"rendered":"https:\/\/pndmedical.cz\/?page_id=472"},"modified":"2021-11-20T14:09:05","modified_gmt":"2021-11-20T13:09:05","slug":"webdesign-a-it-konzultace","status":"publish","type":"page","link":"https:\/\/pndmedical.cz\/index.php\/nase-sluzby\/webdesign-a-it-konzultace\/","title":{"rendered":"Webdesign a IT konzultace"},"content":{"rendered":"<p>Tvorba a spr\u00e1va webov\u00fdch str\u00e1nek a ve\u0161ker\u00e9ho souvisej\u00edc\u00edho IT \u0159e\u0161en\u00ed a slu\u017eeb jak pro individu\u00e1ln\u00ed subjekty, tak i pro organizace p\u016fsob\u00edc\u00ed v oblasti zdravotnictv\u00ed.<\/p>\n","protected":false},"excerpt":{"rendered":"<p>Tvorba a spr\u00e1va webov\u00fdch str\u00e1nek a ve\u0161ker\u00e9ho souvisej\u00edc\u00edho IT \u0159e\u0161en\u00ed a slu\u017eeb jak pro individu\u00e1ln\u00ed subjekty, tak i pro organizace p\u016fsob\u00edc\u00ed v oblasti zdravotnictv\u00ed.<\/p>\n","protected":false},"author":2,"featured_media":33,"parent":456,"menu_order":0,"comment_status":"closed","ping_status":"closed","template":"","meta":[],"_links":{"self":[{"href":"https:\/\/pndmedical.cz\/index.php\/wp-json\/wp\/v2\/pages\/472"}],"collection":[{"href":"https:\/\/pndmedical.cz\/index.php\/wp-json\/wp\/v2\/pages"}],"about":[{"href":"https:\/\/pndmedical.cz\/index.php\/wp-json\/wp\/v2\/types\/page"}],"author":[{"embeddable":true,"href":"https:\/\/pndmedical.cz\/index.php\/wp-json\/wp\/v2\/users\/2"}],"replies":[{"embeddable":true,"href":"https:\/\/pndmedical.cz\/index.php\/wp-json\/wp\/v2\/comments?post=472"}],"version-history":[{"count":1,"href":"https:\/\/pndmedical.cz\/index.php\/wp-json\/wp\/v2\/pages\/472\/revisions"}],"predecessor-version":[{"id":473,"href":"https:\/\/pndmedical.cz\/index.php\/wp-json\/wp\/v2\/pages\/472\/revisions\/473"}],"up":[{"embeddable":true,"href":"https:\/\/pndmedical.cz\/index.php\/wp-json\/wp\/v2\/pages\/456"}],"wp:featuredmedia":[{"embeddable":true,"href":"https:\/\/pndmedical.cz\/index.php\/wp-json\/wp\/v2\/media\/33"}],"wp:attachment":[{"href":"https:\/\/pndmedical.cz\/index.php\/wp-json\/wp\/v2\/media?parent=472"}],"curies":[{"name":"wp","href":"https:\/\/api.w.org\/{rel}","templated":true}]}}